{"id":59,"date":"2016-12-15T12:32:19","date_gmt":"2016-12-15T12:32:19","guid":{"rendered":"http:\/\/hirubide.school.blog\/dbh\/"},"modified":"2025-12-05T10:34:18","modified_gmt":"2025-12-05T09:34:18","slug":"dbh","status":"publish","type":"page","link":"https:\/\/www.hirubide.eus\/es\/hezkuntza-eskaintza\/dbh\/","title":{"rendered":"ESO"},"content":{"rendered":"\n<p>Estas son las materias que se ofertan en cada curso:<\/p>\n\n\n\n<p><strong>1\u00ba ESO<\/strong><\/p>\n\n\n\n<ul class=\"wp-block-list\">\n<li>Matem\u00e1ticas<\/li>\n\n\n\n<li>\u00c1mbito de las lenguas (Lengua Castellana y Literatura, Lengua Vasca y Literatura e Ingl\u00e9s)<\/li>\n\n\n\n<li>Valores \u00c9ticos<\/li>\n\n\n\n<li>\u00c1rea de Humanidades (Geograf\u00eda e Historia, M\u00fasica y Pl\u00e1stica)<\/li>\n\n\n\n<li>Ciencias Naturales<\/li>\n\n\n\n<li>Educaci\u00f3n F\u00edsica<\/li>\n\n\n\n<li>Tutor\u00eda<\/li>\n\n\n\n<li>Religi\u00f3n o Proyecto Comunitario<\/li>\n<\/ul>\n\n\n\n<p>Adem\u00e1s de estas asignaturas troncales hay que elegir una asignatura optativa entre las siguientes:<\/p>\n\n\n\n<ul class=\"wp-block-list\">\n<li>Franc\u00e9s<\/li>\n\n\n\n<li>Rob\u00f3tica<\/li>\n\n\n\n<li>Artesan\u00eda<\/li>\n\n\n\n<li>Salud y Deporte<\/li>\n<\/ul>\n\n\n\n<p><strong>2\u00ba ESO<\/strong><\/p>\n\n\n\n<ul class=\"wp-block-list\">\n<li>Matem\u00e1ticas<\/li>\n\n\n\n<li>Lengua Castellana y Literatura<\/li>\n\n\n\n<li>Geograf\u00eda e Historia<\/li>\n\n\n\n<li>Ciencias Naturales<\/li>\n\n\n\n<li>Lengua Vasca y Literatura<\/li>\n\n\n\n<li>Ingl\u00e9s<\/li>\n\n\n\n<li>M\u00fasica<\/li>\n\n\n\n<li>Educaci\u00f3n F\u00edsica<\/li>\n\n\n\n<li>Tecnolog\u00eda<\/li>\n\n\n\n<li>Pl\u00e1stica<\/li>\n\n\n\n<li>Tutor\u00eda<\/li>\n\n\n\n<li>Religi\u00f3n o Proyecto Comunitario<\/li>\n<\/ul>\n\n\n\n<p>Adem\u00e1s de estas asignaturas troncales hay que elegir una asignatura optativa entre las siguientes:<\/p>\n\n\n\n<ul class=\"wp-block-list\">\n<li>Franc\u00e9s<\/li>\n\n\n\n<li>Taller de matem\u00e1ticas<\/li>\n\n\n\n<li>Zu Kazetari!<\/li>\n\n\n\n<li>Salud y deporte<\/li>\n\n\n\n<li>Rob\u00f3tica<\/li>\n<\/ul>\n\n\n\n<p><strong>3\u00ba ESO<\/strong><\/p>\n\n\n\n<ul class=\"wp-block-list\">\n<li>Matem\u00e1ticas<\/li>\n\n\n\n<li>Lengua Castellana y Literatura<\/li>\n\n\n\n<li>Geograf\u00eda e Historia<\/li>\n\n\n\n<li>F\u00edsica y Qu\u00edmica<\/li>\n\n\n\n<li>Biolog\u00eda y Geolog\u00eda<\/li>\n\n\n\n<li>Lengua Vasca y Literatura<\/li>\n\n\n\n<li>Ingl\u00e9s<\/li>\n\n\n\n<li>Pl\u00e1stica<\/li>\n\n\n\n<li>Educaci\u00f3n F\u00edsica<\/li>\n\n\n\n<li>Tecnolog\u00eda<\/li>\n\n\n\n<li>Tutor\u00eda<\/li>\n\n\n\n<li>Religi\u00f3n o Proyecto Comunitario<\/li>\n<\/ul>\n\n\n\n<p>Adem\u00e1s de estas asignaturas troncales hay que elegir una asignatura optativa entre las siguientes:<\/p>\n\n\n\n<ul class=\"wp-block-list\">\n<li>Franc\u00e9s<\/li>\n\n\n\n<li>Construcci\u00f3n<\/li>\n\n\n\n<li>Salud y Deporte<\/li>\n\n\n\n<li>Cocina<\/li>\n<\/ul>\n\n\n\n<p><strong>3. Diversificaci\u00f3n Curricular (D.C.)<\/strong><\/p>\n\n\n\n<ul class=\"wp-block-list\">\n<li>\u00c1mbito Cient\u00edfico Tecnol\u00f3gico<\/li>\n\n\n\n<li>\u00c1mbito Socio-Lingu\u00edstico<\/li>\n\n\n\n<li>Pl\u00e1stica<\/li>\n\n\n\n<li>Educaci\u00f3n F\u00edsica<\/li>\n\n\n\n<li>Tutor\u00eda<\/li>\n\n\n\n<li>Religi\u00f3n o Proyecto Comunitario<\/li>\n<\/ul>\n\n\n\n<p>Adem\u00e1s de estas asignaturas troncales hay que elegir una asignatura optativa entre las siguientes:<\/p>\n\n\n\n<ul class=\"wp-block-list\">\n<li>Franc\u00e9s<\/li>\n\n\n\n<li>Construcci\u00f3n<\/li>\n\n\n\n<li>Salud y Deporte<\/li>\n\n\n\n<li>Cocina<\/li>\n<\/ul>\n\n\n\n<p><\/p>\n\n\n\n<p><strong>4\u00ba ESO<\/strong><\/p>\n\n\n\n<ul class=\"wp-block-list\">\n<li>Matem\u00e1ticas<\/li>\n\n\n\n<li>Lengua Castellana y Literatura<\/li>\n\n\n\n<li>Geograf\u00eda e Historia (Euskera o Ingl\u00e9s)<\/li>\n\n\n\n<li>Lengua Vasca y Literatura<\/li>\n\n\n\n<li>Ingl\u00e9s<\/li>\n\n\n\n<li>Educaci\u00f3n F\u00edsica<\/li>\n\n\n\n<li>Tutor\u00eda<\/li>\n\n\n\n<li>Religi\u00f3n o Proyecto Comunitario<\/li>\n<\/ul>\n\n\n\n<p>Adem\u00e1s hay que elegir <strong>una<\/strong> de estas tres opciones:<\/p>\n\n\n\n<ul class=\"wp-block-list\">\n<li>Lat\u00edn y Econom\u00eda<\/li>\n\n\n\n<li>F\u00edsica y Qu\u00edmica y Biolog\u00eda y Geolog\u00eda<\/li>\n\n\n\n<li>Econom\u00eda Aplicada y Ciencia Aplicada<\/li>\n<\/ul>\n\n\n\n<p>Por otro lado, se elige <strong>una<\/strong> de las siguientes:<\/p>\n\n\n\n<ul class=\"wp-block-list\">\n<li>Franc\u00e9s<\/li>\n\n\n\n<li>Dise\u00f1o<\/li>\n\n\n\n<li>Ingl\u00e9s B1<\/li>\n<\/ul>\n\n\n\n<p>Tambi\u00e9n hay que elegir <strong>una<\/strong> de las siguietes asignaturas:<\/p>\n\n\n\n<ul class=\"wp-block-list\">\n<li>Tecnolog\u00eda<\/li>\n\n\n\n<li>Digitalizaci\u00f3n<\/li>\n\n\n\n<li>Expresi\u00f3n Artistica<\/li>\n<\/ul>\n\n\n\n<p><\/p>\n\n\n\n<p><strong>4. Diversificaci\u00f3n Curricular (D.C.)<\/strong><\/p>\n\n\n\n<ul class=\"wp-block-list\">\n<li>\u00c1mbito Cient\u00edfico Tecnol\u00f3gico<\/li>\n\n\n\n<li>\u00c1mbito Socio-Lingu\u00edstico<\/li>\n\n\n\n<li>Pl\u00e1stica<\/li>\n\n\n\n<li>Educaci\u00f3n F\u00edsica<\/li>\n\n\n\n<li>Tutor\u00eda<\/li>\n\n\n\n<li>Religi\u00f3n o Proyecto Comunitario<\/li>\n<\/ul>\n\n\n\n<p>Por otro lado, se elige <strong>una<\/strong> de los siguientes materias:<\/p>\n\n\n\n<ul class=\"wp-block-list\">\n<li>Franc\u00e9s<\/li>\n\n\n\n<li>Dise\u00f1o<\/li>\n\n\n\n<li>Ingl\u00e9s B1<\/li>\n\n\n\n<li><\/li>\n<\/ul>\n\n\n\n<p>Tambi\u00e9n hay que elegir <strong>una<\/strong> de las siguietes materias:<\/p>\n\n\n\n<ul class=\"wp-block-list\">\n<li>Tecnolog\u00eda<\/li>\n\n\n\n<li>Digitalizaci\u00f3n<\/li>\n\n\n\n<li>Expresi\u00f3n Artistica<\/li>\n<\/ul>\n\n\n\n<p><\/p>\n\n\n\n<ul class=\"wp-block-list\">\n<li><\/li>\n<\/ul>\n","protected":false},"excerpt":{"rendered":"<p>Estas son las materias que se ofertan en cada curso: 1\u00ba ESO Adem\u00e1s de estas asignaturas troncales hay que elegir una asignatura optativa entre las \u2026<\/p>\n","protected":false},"author":13,"featured_media":10294,"parent":315,"menu_order":0,"comment_status":"closed","ping_status":"closed","template":"","meta":{"episode_type":"","audio_file":"","podmotor_file_id":"","podmotor_episode_id":"","cover_image":"","cover_image_id":"","duration":"","filesize":"","filesize_raw":"","date_recorded":"","explicit":"","block":"","itunes_episode_number":"","itunes_title":"","itunes_season_number":"","itunes_episode_type":"","footnotes":""},"class_list":["post-59","page","type-page","status-publish","has-post-thumbnail","hentry"],"translation":{"provider":"WPGlobus","version":"3.0.2","language":"es","enabled_languages":["eu","es"],"languages":{"eu":{"title":true,"content":true,"excerpt":false},"es":{"title":true,"content":true,"excerpt":false}}},"_links":{"self":[{"href":"https:\/\/www.hirubide.eus\/es\/wp-json\/wp\/v2\/pages\/59","targetHints":{"allow":["GET"]}}],"collection":[{"href":"https:\/\/www.hirubide.eus\/es\/wp-json\/wp\/v2\/pages"}],"about":[{"href":"https:\/\/www.hirubide.eus\/es\/wp-json\/wp\/v2\/types\/page"}],"author":[{"embeddable":true,"href":"https:\/\/www.hirubide.eus\/es\/wp-json\/wp\/v2\/users\/13"}],"replies":[{"embeddable":true,"href":"https:\/\/www.hirubide.eus\/es\/wp-json\/wp\/v2\/comments?post=59"}],"version-history":[{"count":28,"href":"https:\/\/www.hirubide.eus\/es\/wp-json\/wp\/v2\/pages\/59\/revisions"}],"predecessor-version":[{"id":10522,"href":"https:\/\/www.hirubide.eus\/es\/wp-json\/wp\/v2\/pages\/59\/revisions\/10522"}],"up":[{"embeddable":true,"href":"https:\/\/www.hirubide.eus\/es\/wp-json\/wp\/v2\/pages\/315"}],"wp:featuredmedia":[{"embeddable":true,"href":"https:\/\/www.hirubide.eus\/es\/wp-json\/wp\/v2\/media\/10294"}],"wp:attachment":[{"href":"https:\/\/www.hirubide.eus\/es\/wp-json\/wp\/v2\/media?parent=59"}],"curies":[{"name":"wp","href":"https:\/\/api.w.org\/{rel}","templated":true}]}}

<p>Estas son las materias que se ofertan en cada curso:</p>



<p><strong>1º ESO</strong></p>



<ul class="wp-block-list">
<li>Matemáticas</li>



<li>Ámbito de las lenguas (Lengua Castellana y Literatura, Lengua Vasca y Literatura e Inglés)</li>



<li>Valores Éticos</li>



<li>Área de Humanidades (Geografía e Historia, Música y Plástica)</li>



<li>Ciencias Naturales</li>



<li>Educación Física</li>



<li>Tutoría</li>



<li>Religión o Proyecto Comunitario</li>
</ul>



<p>Además de estas asignaturas troncales hay que elegir una asignatura optativa entre las siguientes:</p>



<ul class="wp-block-list">
<li>Francés</li>



<li>Robótica</li>



<li>Artesanía</li>



<li>Salud y Deporte</li>
</ul>



<p><strong>2º ESO</strong></p>



<ul class="wp-block-list">
<li>Matemáticas</li>



<li>Lengua Castellana y Literatura</li>



<li>Geografía e Historia</li>



<li>Ciencias Naturales</li>



<li>Lengua Vasca y Literatura</li>



<li>Inglés</li>



<li>Música</li>



<li>Educación Física</li>



<li>Tecnología</li>



<li>Plástica</li>



<li>Tutoría</li>



<li>Religión o Proyecto Comunitario</li>
</ul>



<p>Además de estas asignaturas troncales hay que elegir una asignatura optativa entre las siguientes:</p>



<ul class="wp-block-list">
<li>Francés</li>



<li>Taller de matemáticas</li>



<li>Zu Kazetari!</li>



<li>Salud y deporte</li>



<li>Robótica</li>
</ul>



<p><strong>3º ESO</strong></p>



<ul class="wp-block-list">
<li>Matemáticas</li>



<li>Lengua Castellana y Literatura</li>



<li>Geografía e Historia</li>



<li>Física y Química</li>



<li>Biología y Geología</li>



<li>Lengua Vasca y Literatura</li>



<li>Inglés</li>



<li>Plástica</li>



<li>Educación Física</li>



<li>Tecnología</li>



<li>Tutoría</li>



<li>Religión o Proyecto Comunitario</li>
</ul>



<p>Además de estas asignaturas troncales hay que elegir una asignatura optativa entre las siguientes:</p>



<ul class="wp-block-list">
<li>Francés</li>



<li>Construcción</li>



<li>Salud y Deporte</li>



<li>Cocina</li>
</ul>



<p><strong>3. Diversificación Curricular (D.C.)</strong></p>



<ul class="wp-block-list">
<li>Ámbito Científico Tecnológico</li>



<li>Ámbito Socio-Linguístico</li>



<li>Plástica</li>



<li>Educación Física</li>



<li>Tutoría</li>



<li>Religión o Proyecto Comunitario</li>
</ul>



<p>Además de estas asignaturas troncales hay que elegir una asignatura optativa entre las siguientes:</p>



<ul class="wp-block-list">
<li>Francés</li>



<li>Construcción</li>



<li>Salud y Deporte</li>



<li>Cocina</li>
</ul>



<p></p>



<p><strong>4º ESO</strong></p>



<ul class="wp-block-list">
<li>Matemáticas</li>



<li>Lengua Castellana y Literatura</li>



<li>Geografía e Historia (Euskera o Inglés)</li>



<li>Lengua Vasca y Literatura</li>



<li>Inglés</li>



<li>Educación Física</li>



<li>Tutoría</li>



<li>Religión o Proyecto Comunitario</li>
</ul>



<p>Además hay que elegir <strong>una</strong> de estas tres opciones:</p>



<ul class="wp-block-list">
<li>Latín y Economía</li>



<li>Física y Química y Biología y Geología</li>



<li>Economía Aplicada y Ciencia Aplicada</li>
</ul>



<p>Por otro lado, se elige <strong>una</strong> de las siguientes:</p>



<ul class="wp-block-list">
<li>Francés</li>



<li>Diseño</li>



<li>Inglés B1</li>
</ul>



<p>También hay que elegir <strong>una</strong> de las siguietes asignaturas:</p>



<ul class="wp-block-list">
<li>Tecnología</li>



<li>Digitalización</li>



<li>Expresión Artistica</li>
</ul>



<p></p>



<p><strong>4. Diversificación Curricular (D.C.)</strong></p>



<ul class="wp-block-list">
<li>Ámbito Científico Tecnológico</li>



<li>Ámbito Socio-Linguístico</li>



<li>Plástica</li>



<li>Educación Física</li>



<li>Tutoría</li>



<li>Religión o Proyecto Comunitario</li>
</ul>



<p>Por otro lado, se elige <strong>una</strong> de los siguientes materias:</p>



<ul class="wp-block-list">
<li>Francés</li>



<li>Diseño</li>



<li>Inglés B1</li>



<li></li>
</ul>



<p>También hay que elegir <strong>una</strong> de las siguietes materias:</p>



<ul class="wp-block-list">
<li>Tecnología</li>



<li>Digitalización</li>



<li>Expresión Artistica</li>
</ul>



<p></p>



<ul class="wp-block-list">
<li></li>
</ul>

<p>Estas son las materias que se ofertan en cada curso: 1º ESO Además de estas asignaturas troncales hay que elegir una asignatura optativa entre las …</p>
