{"id":254,"date":"2016-12-19T18:29:41","date_gmt":"2016-12-19T18:29:41","guid":{"rendered":"http:\/\/localhost\/wordpress\/?page_id=254"},"modified":"2023-11-09T17:13:53","modified_gmt":"2023-11-09T16:13:53","slug":"eskola-batzordea","status":"publish","type":"page","link":"https:\/\/www.hirubide.eus\/es\/ikastetxea\/antolamendua\/eskola-batzordea\/","title":{"rendered":"OMR"},"content":{"rendered":"<p><strong>Representantes de las familias:<\/strong><\/p>\n<p><em>Elegidos\/as para 4 a\u00f1os, hasta el primer trimestre del curso 2024-25:<\/em><\/p>\n<ul>\n<li>Nuria Figueroa<\/li>\n<li>Ana Bel\u00e9n Mart\u00edn<\/li>\n<li>Leire Perez<\/li>\n<li>Ruth Rico<\/li>\n<\/ul>\n<p><em>Elegidos\/as para 4 a\u00f1os, hasta el primer trimestre del curso 2026-27:<\/em><\/p>\n<ul>\n<li>Naiara Dominguez<\/li>\n<li>Susana Calvo<\/li>\n<li>I\u00f1igo Nekoetxea<\/li>\n<li>Marisol Parra<\/li>\n<li>Sandra Mitxelena<\/li>\n<\/ul>\n<hr \/>\n<p><strong>Representantes del profesorado:<\/strong><\/p>\n<p><em>Elegidos\/as para 4 a\u00f1os, hasta el primer trimestre del curso 2024-25:<\/em><\/p>\n<ul>\n<li>Marina Alcorta<\/li>\n<li>Esther Arza<\/li>\n<li>Amaia Etxarri<\/li>\n<li>Arantxa Gald\u00f3s<\/li>\n<li>Tina Gamero<\/li>\n<li>Lourdes Nogueras<\/li>\n<\/ul>\n<p><em>Elegidos\/as para 4 a\u00f1os, hasta el primer trimestre del curso 2026-27:<\/em><\/p>\n<ul>\n<li>Leire Gandarias<\/li>\n<li>Jon Mikel Go\u00f1i<\/li>\n<li>Amaia Herrero<\/li>\n<li>Irati Insausti<\/li>\n<li>Marisa Olazabal<\/li>\n<li>Ainhoa Pikabea<\/li>\n<\/ul>\n<p>Suplentes:<\/p>\n<ul>\n<li>Juan Carlos Gamarra<\/li>\n<li>Eneritz Gartzia<\/li>\n<li>I\u00f1igo Guevara<\/li>\n<li>Oihana Kanpandegi<\/li>\n<li>Zaloa L\u00f3pez de Munain<\/li>\n<\/ul>\n<hr \/>\n<p><strong>Representantes del alumnado:<br \/>\n<\/strong><\/p>\n<p><em>Elegidos\/as para 4 a\u00f1os, hasta el primer trimestre del curso 2026-27:<\/em><\/p>\n<ul>\n<li>Odei Guelbenzu<\/li>\n<li>Alejandro Peixoto<\/li>\n<\/ul>\n<p><strong>Personal no docente:<\/strong><\/p>\n<p>Bego\u00f1a Rodr\u00edguez<\/p>\n<p>Suplente:<\/p>\n<p>Aitor Aizpurua<\/p>\n<p><strong>Educadores\/as:<\/strong><\/p>\n<p>Maite Ferr\u00e9<\/p>\n<p>Suplente:<\/p>\n<p>Garbi\u00f1e Etxenagusia<\/p>\n<p><strong>Ayuntamiento:<\/strong><\/p>\n<p>Ane Unanue Gutierrez<\/p>\n<p><strong>Direcci\u00f3n:<\/strong><\/p>\n<p>Jaso Larruscain<\/p>\n<p>Imanol Urresti<\/p>\n<p>Tatiana Elorz<\/p>\n","protected":false},"excerpt":{"rendered":"<p>Representantes de las familias: Elegidos\/as para 4 a\u00f1os, hasta el primer trimestre del curso 2024-25: Nuria Figueroa Ana Bel\u00e9n Mart\u00edn Leire Perez Ruth Rico Elegidos\/as \u2026<\/p>\n","protected":false},"author":13,"featured_media":0,"parent":51,"menu_order":0,"comment_status":"closed","ping_status":"closed","template":"","meta":{"episode_type":"","audio_file":"","podmotor_file_id":"","podmotor_episode_id":"","cover_image":"","cover_image_id":"","duration":"","filesize":"","filesize_raw":"","date_recorded":"","explicit":"","block":"","itunes_episode_number":"","itunes_title":"","itunes_season_number":"","itunes_episode_type":"","footnotes":""},"class_list":["post-254","page","type-page","status-publish","hentry"],"translation":{"provider":"WPGlobus","version":"3.0.2","language":"es","enabled_languages":["eu","es"],"languages":{"eu":{"title":true,"content":true,"excerpt":false},"es":{"title":true,"content":true,"excerpt":false}}},"_links":{"self":[{"href":"https:\/\/www.hirubide.eus\/es\/wp-json\/wp\/v2\/pages\/254","targetHints":{"allow":["GET"]}}],"collection":[{"href":"https:\/\/www.hirubide.eus\/es\/wp-json\/wp\/v2\/pages"}],"about":[{"href":"https:\/\/www.hirubide.eus\/es\/wp-json\/wp\/v2\/types\/page"}],"author":[{"embeddable":true,"href":"https:\/\/www.hirubide.eus\/es\/wp-json\/wp\/v2\/users\/13"}],"replies":[{"embeddable":true,"href":"https:\/\/www.hirubide.eus\/es\/wp-json\/wp\/v2\/comments?post=254"}],"version-history":[{"count":18,"href":"https:\/\/www.hirubide.eus\/es\/wp-json\/wp\/v2\/pages\/254\/revisions"}],"predecessor-version":[{"id":6653,"href":"https:\/\/www.hirubide.eus\/es\/wp-json\/wp\/v2\/pages\/254\/revisions\/6653"}],"up":[{"embeddable":true,"href":"https:\/\/www.hirubide.eus\/es\/wp-json\/wp\/v2\/pages\/51"}],"wp:attachment":[{"href":"https:\/\/www.hirubide.eus\/es\/wp-json\/wp\/v2\/media?parent=254"}],"curies":[{"name":"wp","href":"https:\/\/api.w.org\/{rel}","templated":true}]}}

<p><strong>Representantes de las familias:</strong></p>
<p><em>Elegidos/as para 4 años, hasta el primer trimestre del curso 2024-25:</em></p>
<ul>
<li>Nuria Figueroa</li>
<li>Ana Belén Martín</li>
<li>Leire Perez</li>
<li>Ruth Rico</li>
</ul>
<p><em>Elegidos/as para 4 años, hasta el primer trimestre del curso 2026-27:</em></p>
<ul>
<li>Naiara Dominguez</li>
<li>Susana Calvo</li>
<li>Iñigo Nekoetxea</li>
<li>Marisol Parra</li>
<li>Sandra Mitxelena</li>
</ul>
<hr />
<p><strong>Representantes del profesorado:</strong></p>
<p><em>Elegidos/as para 4 años, hasta el primer trimestre del curso 2024-25:</em></p>
<ul>
<li>Marina Alcorta</li>
<li>Esther Arza</li>
<li>Amaia Etxarri</li>
<li>Arantxa Galdós</li>
<li>Tina Gamero</li>
<li>Lourdes Nogueras</li>
</ul>
<p><em>Elegidos/as para 4 años, hasta el primer trimestre del curso 2026-27:</em></p>
<ul>
<li>Leire Gandarias</li>
<li>Jon Mikel Goñi</li>
<li>Amaia Herrero</li>
<li>Irati Insausti</li>
<li>Marisa Olazabal</li>
<li>Ainhoa Pikabea</li>
</ul>
<p>Suplentes:</p>
<ul>
<li>Juan Carlos Gamarra</li>
<li>Eneritz Gartzia</li>
<li>Iñigo Guevara</li>
<li>Oihana Kanpandegi</li>
<li>Zaloa López de Munain</li>
</ul>
<hr />
<p><strong>Representantes del alumnado:<br />
</strong></p>
<p><em>Elegidos/as para 4 años, hasta el primer trimestre del curso 2026-27:</em></p>
<ul>
<li>Odei Guelbenzu</li>
<li>Alejandro Peixoto</li>
</ul>
<p><strong>Personal no docente:</strong></p>
<p>Begoña Rodríguez</p>
<p>Suplente:</p>
<p>Aitor Aizpurua</p>
<p><strong>Educadores/as:</strong></p>
<p>Maite Ferré</p>
<p>Suplente:</p>
<p>Garbiñe Etxenagusia</p>
<p><strong>Ayuntamiento:</strong></p>
<p>Ane Unanue Gutierrez</p>
<p><strong>Dirección:</strong></p>
<p>Jaso Larruscain</p>
<p>Imanol Urresti</p>
<p>Tatiana Elorz</p>

<p>Representantes de las familias: Elegidos/as para 4 años, hasta el primer trimestre del curso 2024-25: Nuria Figueroa Ana Belén Martín Leire Perez Ruth Rico Elegidos/as …</p>
